t is -1 - -6870?
686c
In base 3, what is 11 + -211000222000?
-211000221212
In base 2, what is 0 + 100111100000100000?
100111100000100000
In base 16, what is -6 + 1658?
1652
In base 13, what is 207 + -144?
93
In base 2, what is 11 + -1101110001000011?
-1101110001000000
In base 14, what is aa + 15da?
16a6
In base 16, what is -2f - -73ab?
737c
In base 4, what is -32123303 - -112?
-32123131
In base 12, what is -143 + -748?
-88b
In base 16, what is 2969 - -2?
296b
In base 10, what is -2 + -17114?
-17116
In base 11, what is 7 - -11799?
117a5
In base 8, what is -57 - 255?
-334
In base 12, what is b7238 - -3?
b723b
In base 12, what is -242384 - -5?
-24237b
In base 8, what is 3 + -3432373?
-3432370
In base 5, what is 1 - 121014343?
-121014342
In base 16, what is 5 - -3741?
3746
In base 7, what is 13342 - 21?
13321
In base 8, what is 60147473 - 4?
60147467
In base 2, what is 11 + -10101110?
-10101011
In base 7, what is -44 - 20226?
-20303
In base 12, what is -6291a + -4?
-62922
In base 11, what is 19a6 - -10?
1a06
In base 13, what is 227 - 17c?
78
In base 14, what is 486a + -6a?
4800
In base 12, what is 161 + -6b8?
-557
In base 6, what is 0 + -2532130?
-2532130
In base 6, what is -13554 - 130?
-14124
In base 11, what is -5 + -13362?
-13367
In base 5, what is -10 - 20101140?
-20101200
In base 5, what is -323140 + 12?
-323123
In base 11, what is 0 - -71a8?
71a8
In base 4, what is 220 - 2232?
-2012
In base 6, what is -1033 + -304?
-1341
In base 14, what is -123 - 41c?
-541
In base 10, what is 14668 + -6?
14662
In base 10, what is 1795 - -13?
1808
In base 13, what is 70068 - 3?
70065
In base 11, what is 951 + -1a?
932
In base 11, what is -77a - -21?
-759
In base 2, what is 10100100000001010 + -11?
10100100000000111
In base 2, what is -110000011 - -11?
-110000000
In base 15, what is 2 - -34cc?
34ce
In base 11, what is -969a1 + -12?
-96a03
In base 15, what is -a9 - -263?
1a9
In base 2, what is -100001000 - 11000101110?
-11100110110
In base 12, what is -7 - -47670?
47665
In base 14, what is 128d9 + -d?
128ca
In base 14, what is 412 + -2533?
-2121
In base 13, what is 10 - 5c37?
-5c27
In base 12, what is -27a + -429?
-6a7
In base 3, what is -1100121 - -111?
-1100010
In base 12, what is 316a + -5?
3165
In base 4, what is 11 + 30320010?
30320021
In base 14, what is -1b4a + -1?
-1b4b
In base 4, what is -21012 + -10102?
-31120
In base 11, what is -303730 + 5?
-303726
In base 16, what is 2dc6f + -8?
2dc67
In base 5, what is -1004 + 320440?
314431
In base 12, what is 22 - -26357?
26379
In base 8, what is 106 - -33772?
34100
In base 4, what is -13312 - 10120?
-30032
In base 7, what is -6062 - 0?
-6062
In base 13, what is 511 + -95?
449
In base 8, what is 2306 - 305?
2001
In base 2, what is -10010000101111 - -1100110?
-10001111001001
In base 16, what is -1 + 4759a?
47599
In base 3, what is -1201 + 102120?
100212
In base 11, what is -122 + 145?
23
In base 3, what is 102021021 - -11?
102021102
In base 8, what is 0 + 22742?
22742
In base 14, what is 7a7 - -89?
852
In base 16, what is 52d6 - -f?
52e5
In base 4, what is -22112011 - 3?
-22112020
In base 8, what is -4 + -2774?
-3000
In base 6, what is -11030 + 10?
-11020
In base 12, what is 254a + -3b?
250b
In base 7, what is -3552 - -44?
-3505
In base 10, what is -66019 + 3?
-66016
In base 3, what is 2 + 102120221?
102121000
In base 6, what is -21 + 1405?
1344
In base 4, what is 1201 - 2312100?
-2310233
In base 3, what is -221121002201 - -11?
-221121002120
In base 12, what is 153 + -1b?
134
In base 14, what is 8 - 3c62?
-3c58
In base 15, what is -1 + 8c01?
8c00
In base 10, what is 1025 + 39?
1064
In base 15, what is a9153c + -1?
a9153b
In base 8, what is 27 + -3?
24
In base 6, what is 232 + 53?
325
In base 14, what is -2 + 3941?
393d
In base 6, what is 10514 + -24?
10450
In base 12, what is -152a9 - 2?
-152ab
In base 15, what is -4489 + 3?
-4486
In base 15, what is -129 + -998?
-ac2
In base 4, what is -10 - 111301321?
-111301331
In base 16, what is 9 - -b2ca?
b2d3
In base 16, what is -32fc6 - 2?
-32fc8
In base 12, what is -6b25 - -1?
-6b24
In base 13, what is -64 - 11b?
-182
In base 3, what is -100010221022 + 12?
-100010221010
In base 13, what is -2171 + 5?
-2169
In base 6, what is -2 - -15544452?
15544450
In base 7, what is 0 + 52611?
52611
In base 7, what is -32 + -44121?
-44153
In base 11, what is 4a - -148?
197
In base 10, what is 13 + 411?
424
In base 6, what is 2 + 103353?
103355
In base 9, what is 1076 - 1376?
-300
In base 10, what is 74629 + 2?
74631
In base 2, what is -11010101 + 10011001?
-111100
In base 10, what is -1 + 4536?
4535
In base 15, what is 847 - 17?
830
In base 2, what is -1111110 + 11100001110001?
11011111110011
In base 5, what is -123033304 + 3?
-123033301
In base 13, what is 32a14a - -5?
32a152
In base 16, what is -f + -820?
-82f
In base 4, what is -202 + 110113?
103311
In base 15, what is -b - c5?
-d1
In base 9, what is -1138514 + -2?
-1138516
In base 9, what is 2256662 + 4?
2256666
In base 5, what is -10332 + 2?
-10330
In base 6, what is -1325353 - 0?
-1325353
In base 6, what is -1 - 153?
-154
In base 16, what is 1a + 9c?
b6
In base 15, what is 33 + 3371?
33a4
In base 9, what is 521 - 277?
233
In base 2, what is 11010100111110010101 + -101?
11010100111110010000
In base 11, what is 17119 + 2?
17120
In base 3, what is 1201012 + -212112?
211200
In base 5, what is 20430 + -20411?
14
In base 6, what is -115110 - 2?
-115112
In base 3, what is 2 - -112002200?
112002202
In base 7, what is 24033263 - 0?
24033263
In base 6, what is -3 - -20402?
20355
In base 12, what is 264a36 - 4?
264a32
In base 10, what is 264969 - 0?
264969
In base 14, what is 2 + 4388?
438a
In base 6, what is 241 + -2302?
-2021
In base 2, what is -10000111101 + -1100011010?
-11101010111
In base 16, what is 1b + 86eb?
8706
In base 9, what is 33 + -836?
-803
In base 12, what is 23b979 - -2?
23b97b
In base 14, what is 3 + -4798?
-4795
In base 9, what is 13180523 + 3?
13180526
In base 14, what is 8a + 66d?
719
In base 3, what is -100111200021 - -2?
-100111200012
In base 6, what is 32 - -10512?
10544
In base 13, what is -19a - -48?
-152
In base 5, what is 1144 + -44042?
-42343
In base 12, what is -5776 + 1?
-5775
In base 14, what is 67 - -c69c?
c725
In base 13, what is 29 + -615?
-5b9
In base 4, what is -11120 - -2123021?
2111301
In base 16, what is 8d - -155?
1e2
In base 7, what is -50 - 40461?
-40541
In base 16, what is -1970f - -3?
-1970c
In base 15, what is -d3 - -4317?
4234
In base 7, what is 1462435 + -1?
1462434
In base 5, what is -20 + -141430?
-142000
In base 11, what is -a0 - -2371?
2281
In base 10, what is 584 + 942?
1526
In base 2, what is -101100011 - -10110110?
-10101101
In base 14, what is -d9cd - 0?
-d9cd
In base 10, what is -505 + 2?
-503
In base 2, what is -10 + -11011101110111000?
-11011101110111010
In base 13, what is -39c87 - 18?
-39ca2
In base 9, what is 3 + 34730?
34733
In base 5, what is -2 - 203443?
-204000
In base 12, what is -6 - 236838?
-236842
In base 3, what is -1 + -2001010022220?
-2001010022221
In base 13, what is c - -23?
32
In base 2, what is 0 + -1001100001101?
-1001100001101
In base 9, what is -5 + 3153?
3147
In base 12, what is -2 - 127a?
-1280
In base 2, what is -10111010 - -100?
-10110110
In base 5, what is 2104044 + -2?
2104042
In base 14, what is 0 + 9ad0?
9ad0
In base 4, what is 3210 - 2211?
333
In base 3, what is 1 - -1000220121?
1000220122
In base 2, what is 1001010100010101 + 10101?
1001010100101010
In base 12, what is -4 + 261011?
261009
In base 9, what is 150 + -34514?
-34354
In base 16, what is -4 + -1cc15?
-1cc19
In base 10, what is -38 + -1467?
-1505
In base 8, what is -2244 + -252?
-2516
In base 12, what is -471 - -68b?
21a
In base 10, what is 16 - -5083?
5099
In base 12, what is -5601 + 1?
-5600
In base 11, what is -6872 - -47?
-6826
In base 6, what is -141124 + -3?
-141131
In base 10, what is 1095 - -615?
1710
In base 4, what is -12 + 1032322?
1032310
In base 5, what is -1322444314 - 3?
-1322444322
In base 4, what is -10023331101 + 10?
-10023331031
In base 3, what is -100 + 202011200?
202011100
In base 6, what is 2042 - -5515?
12001
In base 8, what is -144 + 317?
153
In base 12, what is -b4 + 179?
85
In base 15, what is b - -c543?
c54e
In base 6, what is -11232 + -1013?
-12245
In base 1